{"id":182,"date":"2020-08-22T19:08:30","date_gmt":"2020-08-22T19:08:30","guid":{"rendered":"https:\/\/heilmassage-jg.at\/?page_id=182"},"modified":"2020-08-22T19:08:30","modified_gmt":"2020-08-22T19:08:30","slug":"segmentmassage","status":"publish","type":"page","link":"https:\/\/heilmassage-jg.at\/index.php\/segmentmassage\/","title":{"rendered":"Segmentmassage"},"content":{"rendered":"<p>Bei der Segmentmassage handelt es sich um eine Reflexzonenmassage, die sich die Wechselbeziehungen zwischen den Schichtungen der K\u00f6rperdecke und den inneren Organen zunutze macht.<\/p>\n<p>\u00dcber verschiedene Testungen der Segmentmassage k\u00f6nnen Ver\u00e4nderung der Haut, der Muskeln, sowie des Bindegewebes ertastet und erkannt werden. Durch die sanften Griffe der Segmentmassage werden diese Ver\u00e4nderungen behandelt und gel\u00f6st werden.<\/p>\n","protected":false},"excerpt":{"rendered":"<p>Bei der Segmentmassage handelt es sich um eine Reflexzonenmassage, die sich die Wechselbeziehungen zwischen den Schichtungen der K\u00f6rperdecke und den inneren Organen zunutze macht. \u00dcber&hellip;<\/p>\n","protected":false},"author":4,"featured_media":0,"parent":0,"menu_order":0,"comment_status":"closed","ping_status":"closed","template":"","meta":{"ngg_post_thumbnail":0,"footnotes":""},"class_list":["post-182","page","type-page","status-publish","hentry"],"_links":{"self":[{"href":"https:\/\/heilmassage-jg.at\/index.php\/wp-json\/wp\/v2\/pages\/182","targetHints":{"allow":["GET"]}}],"collection":[{"href":"https:\/\/heilmassage-jg.at\/index.php\/wp-json\/wp\/v2\/pages"}],"about":[{"href":"https:\/\/heilmassage-jg.at\/index.php\/wp-json\/wp\/v2\/types\/page"}],"author":[{"embeddable":true,"href":"https:\/\/heilmassage-jg.at\/index.php\/wp-json\/wp\/v2\/users\/4"}],"replies":[{"embeddable":true,"href":"https:\/\/heilmassage-jg.at\/index.php\/wp-json\/wp\/v2\/comments?post=182"}],"version-history":[{"count":0,"href":"https:\/\/heilmassage-jg.at\/index.php\/wp-json\/wp\/v2\/pages\/182\/revisions"}],"wp:attachment":[{"href":"https:\/\/heilmassage-jg.at\/index.php\/wp-json\/wp\/v2\/media?parent=182"}],"curies":[{"name":"wp","href":"https:\/\/api.w.org\/{rel}","templated":true}]}}